ultiple of 252?
False
Is 2141634 a multiple of 222?
True
Does 41 divide 28228?
False
Does 39 divide 30565860?
True
Is 6 a factor of 719607?
False
Is 162681 a multiple of 22?
False
Is 4 a factor of 30796?
True
Is 30229 a multiple of 43?
True
Does 4 divide 1632156?
True
Is 17 a factor of 183651?
True
Is 52 a factor of 21094?
False
Does 172 divide 11136986?
False
Is 91 a factor of 4207567?
True
Is 382200 a multiple of 65?
True
Is 228 a factor of 513456?
True
Is 129692 a multiple of 504?
False
Does 26 divide 310700?
True
Is 2822940 a multiple of 18?
True
Does 1485 divide 5094908?
False
Does 86 divide 3071060?
True
Is 17 a factor of 753270?
True
Is 5 a factor of 10600?
True
Is 3086378 a multiple of 673?
True
Is 131856 a multiple of 16?
True
Is 19 a factor of 206779?
False
Is 18 a factor of 428814?
True
Is 1057 a factor of 3837967?
True
Does 1089 divide 8557747?
False
Is 1700034 a multiple of 42?
True
Is 4825148 a multiple of 258?
False
Is 250 a factor of 127250?
True
Does 180 divide 5897318?
False
Is 1628 a multiple of 76?
False
Is 4 a factor of 774884?
True
Is 404 a factor of 248056?
True
Is 262 a factor of 19160?
False
Is 41221 a multiple of 225?
False
Is 3 a factor of 1578318?
True
Is 48651 a multiple of 27?
False
Is 18270 a multiple of 29?
True
Is 440272 a multiple of 24?
False
Is 2 a factor of 1004068?
True
Does 12 divide 1270350?
False
Is 2429712 a multiple of 31?
False
Is 330 a factor of 75240?
True
Is 240028 a multiple of 13?
False
Does 44 divide 503228?
True
Does 257 divide 103082?
False
Is 293 a factor of 1082469?
False
Is 54 a factor of 349936?
False
Is 30 a factor of 586082?
False
Is 2204509 a multiple of 125?
False
Is 268008 a multiple of 78?
True
Is 25322 a multiple of 116?
False
Does 47 divide 4698234?
False
Does 38 divide 901128?
False
Is 13 a factor of 209001?
True
Is 1373 a factor of 12663179?
True
Does 406 divide 5875632?
True
Does 91 divide 183911?
True
Is 9 a factor of 444483?
True
Is 27 a factor of 45020?
False
Is 3574704 a multiple of 12?
True
Is 1578740 a multiple of 50?
False
Is 767624 a multiple of 121?
True
Is 171217 a multiple of 8?
False
Is 7295225 a multiple of 21?
False
Is 18252 a multiple of 106?
False
Is 371 a factor of 953122?
False
Is 6 a factor of 7698?
True
Does 181 divide 311696?
False
Does 23 divide 513153?
True
Does 56 divide 2345324?
False
Is 61 a factor of 68991?
True
Is 417508 a multiple of 434?
True
Is 11 a factor of 170762?
False
Is 19867206 a multiple of 246?
True
Is 106 a factor of 89374?
False
Does 314 divide 2852690?
True
Does 12 divide 70691?
False
Does 166 divide 840147?
False
Is 11652 a multiple of 17?
False
Is 4519978 a multiple of 43?
False
Does 15 divide 263285?
False
Is 8 a factor of 6557976?
True
Is 195 a factor of 210405?
True
Does 55 divide 288640?
True
Is 58 a factor of 475690?
False
Does 556 divide 133996?
True
Is 308197 a multiple of 7?
False
Is 22 a factor of 11386980?
True
Is 3468592 a multiple of 1564?
False
Is 46367 a multiple of 40?
False
Is 111570 a multiple of 40?
False
Is 59508 a multiple of 27?
True
Is 1505 a factor of 15644475?
True
Is 1250890 a multiple of 2?
True
Does 172 divide 208980?
True
Does 6 divide 164943?
False
Is 174529 a multiple of 37?
True
Is 23 a factor of 63723?
False
Is 142776 a multiple of 8?
True
Does 9 divide 197957?
False
Is 517 a factor of 328812?
True
Is 1366 a factor of 1912330?
False
Is 5 a factor of 889217?
False
Does 181 divide 22282?
False
Is 52 a factor of 468104?
True
Is 1000620 a multiple of 765?
True
Does 12 divide 92940?
True
Does 45 divide 878757?
False
Does 5 divide 16236620?
True
Is 84436 a multiple of 281?
False
Is 27 a factor of 32719?
False
Is 270 a factor of 323460?
True
Is 333 a factor of 12472273?
False
Does 157 divide 49612?
True
Does 23 divide 115552?
True
Is 195580 a multiple of 308?
True
Is 9 a factor of 3212930?
False
Is 4617409 a multiple of 89?
True
Is 883 a factor of 2568647?
True
Is 2948 a multiple of 2?
True
Does 76 divide 1443179?
False
Is 10 a factor of 919990?
True
Is 32 a factor of 65152?
True
Is 518235 a multiple of 21?
False
Does 154 divide 132748?
True
Is 712789 a multiple of 2?
False
Does 8 divide 2345528?
True
Is 789 a factor of 534942?
True
Is 75 a factor of 691588?
False
Is 5373697 a multiple of 41?
False
Is 5 a factor of 3226065?
True
Does 32 divide 23548?
False
Is 1688881 a multiple of 388?
False
Does 6 divide 643716?
True
Is 21902 a multiple of 203?
False
Is 116662 a multiple of 714?
False
Does 19 divide 4997?
True
Does 28 divide 74396?
True
Does 13 divide 73216?
True
Is 8 a factor of 3466224?
True
Is 4656141 a multiple of 15?
False
Is 116 a factor of 525693?
False
Does 24 divide 4296?
True
Is 17 a factor of 4693808?
False
Is 5 a factor of 122785?
True
Is 109424 a multiple of 56?
True
Does 5 divide 74134?
False
Does 35 divide 71310?
False
Is 150960 a multiple of 6?
True
Is 24 a factor of 28752?
True
Is 1801450 a multiple of 175?
True
Is 4832016 a multiple of 12?
True
Is 65 a factor of 440336?
False
Is 721508 a multiple of 406?
False
Is 3838837 a multiple of 67?
False
Does 75 divide 938372?
False
Is 2527099 a multiple of 395?
False
Is 153180 a multiple of 444?
True
Does 42 divide 5054?
False
Does 329 divide 389865?
True
Is 9 a factor of 658823?
False
Is 15 a factor of 160785?
True
Is 219 a factor of 234111?
True
Is 20165382 a multiple of 237?
True
Does 43 divide 39302?
True
Is 4015512 a multiple of 43?
True
Is 10088504 a multiple of 580?
False
Does 7 divide 255373?
False
Is 52 a factor of 3170028?
False
Is 817050 a multiple of 325?
True
Is 48852 a multiple of 59?
True
Is 7932 a multiple of 203?
False
Does 170 divide 141100?
True
Is 5701 a multiple of 11?
False
Is 10 a factor of 1221130?
True
Does 276 divide 1758120?
True
Is 11583 a multiple of 13?
True
Is 59 a factor of 15556812?
False
Is 9 a factor of 664388?
False
Does 8 divide 9045?
False
Is 6326450 a multiple of 30?
False
Is 15 a factor of 888256?
False
Is 14 a factor of 4864909?
False
Is 28 a factor of 73598?
False
Is 6 a factor of 18460?
False
Is 1547 a factor of 10102584?
False
Does 129 divide 36419?
False
Is 346637 a multiple of 10?
False
Is 49 a factor of 383237?
False
Is 90 a factor of 50220?
True
Is 31 a factor of 39691?
False
Does 125 divide 184659?
False
Is 179 a factor of 7758039?
True
Is 9 a factor of 2276528?
False
Is 225050 a multiple of 643?
True
Is 248 a factor of 1204040?
True
Is 9356400 a multiple of 552?
True
Does 467 divide 1114499?
False
Does 3 divide 484082?
False
Does 29 divide 88740?
True
Is 299035 a multiple of 55?
True
Is 718150 a multiple of 85?
False
Is 66 a factor of 159531?
False
Is 1007006 a multiple of 286?
True
Is 43 a factor of 483455?
False
Is 277168 a multiple of 17?
True
Is 109 a factor of 1225000?
False
Does 3 divide 110652?
True
Is 6 a factor of 98315?
False
Is 220 a factor of 3860331?
False
Does 1687 divide 12310472?
False
Is 700040 a multiple of 16?
False
Is 1795011 a multiple of 13?
False
Does 55 divide 14983356?
False
Is 92996 a multiple of 4?
True
Is 31 a factor of 128402?
True
Is 162657 a multiple of 6?
False
Is 12 a factor of 967652?
False
Does 28 divide 1519817?
False
Is 6016500 a multiple of 36?
True
Is 418836 a multiple of 228?
True
Is 2134280 a multiple of 1165?
True
Is 5 a factor of 553980?
True
Is 6 a factor of 22146?
True
Is 175007 a multiple of 23?
True
Is 172 a factor of 88236?
True
Does 16 divide 57792?
True
Does 10 divide 1113844?
False
Is 19 a factor of 81947?
True
Is 102 a factor of 83855?
False
Is 1051743 a multiple of 2?
False
Is 334632 a multiple of 764?
True
Does 616 divide 597520?
True
Is 1632 a multiple of 51?
True
Is 10353750 a multiple of 825?
True
Is 1748918 a multiple of 29?
False
Is 3510942 a multiple of 126?
False
Is 109150 a multiple of 10?
True
Is 282492 a multiple of 399?
True
Is 1158381 a multiple of 27?
True
Is 44820 a multiple of 45?
True
Is 12170338 a multiple of 957?
False
Does 65 divide 1674?
False
Is 4920355 a multiple of 137?
True
Does 620 divide 327980?
True
Is 3041544 a multiple of 12?
True
Does 107 divide 10272885?
False
Is 118 a factor of 492886?
True
Is 72 a factor of 2056116?
False
Does 63 divide 212193?
False
Does 7 divide 858979?
False
Is 31 a factor of 499906?
True
Is 1826778 a multiple of 6?
True
Does 16 divide 500496?
True
Does 3 divide 7313?
False
Does 36 divide 1